e3a
In base 14, what is 9b + -8a81?
-89c4
In base 13, what is -b8a10 - 10?
-b8a20
In base 4, what is 122222111 + -10000?
122212111
In base 5, what is -1031442432 + 10?
-1031442422
In base 16, what is 192d6 - 213?
190c3
In base 15, what is b14eb - -d?
b1509
In base 16, what is -4243 + 5ee9?
1ca6
In base 6, what is 314 + -1222535?
-1222221
In base 9, what is 417 - 121877?
-121460
In base 2, what is 11100 + 11101000010110110011001?
11101000010110110110101
In base 11, what is 19 + -2396036?
-2396018
In base 10, what is -2447 + 21838?
19391
In base 2, what is 1111100000011010011111 - 10101?
1111100000011010001010
In base 2, what is -10100001010000010111 + 1101011010?
-10100001000010111101
In base 2, what is 1000111010110100100000010 + -1010?
1000111010110100011111000
In base 13, what is -8bc + -34381?
-34c70
In base 15, what is 3 + 14abb74?
14abb77
In base 13, what is 89 + -1a826?
-1a76a
In base 13, what is 7b + 168ca1?
16904c
In base 9, what is -113 - 168127?
-168241
In base 9, what is -6780277 - 0?
-6780277
In base 15, what is -148e6b + -3?
-148e6e
In base 11, what is 627 - 122042?
-121516
In base 14, what is 42ca68 + 11?
42ca79
In base 10, what is 5 + 7050501?
7050506
In base 10, what is -21676 - -223?
-21453
In base 15, what is -467cb65 - 1?
-467cb66
In base 4, what is -113 + 1032133312?
1032133133
In base 12, what is -3aa - 939?
-1127
In base 6, what is -21511 + 1121150?
1055235
In base 10, what is -37586 + 126?
-37460
In base 6, what is 141254 + -2052?
135202
In base 8, what is -50013776 + -21?
-50014017
In base 3, what is 22110220222 - 1120?
22110212102
In base 2, what is -110110110110 - -10100111111001?
1110001000011
In base 14, what is -3ba1 + 7600?
383d
In base 11, what is -12 - -1311a689?
1311a677
In base 6, what is -4 - 43541535354?
-43541535402
In base 3, what is -2202022200 - 20120?
-2202120020
In base 11, what is -3 + 23534180?
23534178
In base 14, what is dba5d + d?
dba6c
In base 7, what is 206543121 - 1?
206543120
In base 2, what is 11 - -1111010011000001011011?
1111010011000001011110
In base 16, what is -14a - 146f0?
-1483a
In base 4, what is -2011321 + -2112?
-2020033
In base 9, what is 5 + 2482056?
2482062
In base 7, what is 120 + -26146?
-26026
In base 14, what is 18 + bc91b?
bc935
In base 9, what is -28828482 - -5?
-28828476
In base 15, what is 5 + -40c1607?
-40c1602
In base 14, what is 9a6 - -1d1d2?
1db98
In base 16, what is -41 + -1828b?
-182cc
In base 2, what is 110010100011110 - -11000000?
110010111011110
In base 7, what is 5 + 141302620?
141302625
In base 15, what is 4038ee6 - 6?
4038ee0
In base 11, what is -2 + -3a7371?
-3a7373
In base 16, what is -21e0b75 - -20?
-21e0b55
In base 3, what is 2011 - -120221112112212?
120221112122000
In base 3, what is -2 + -101002102012?
-101002102021
In base 4, what is -22210 - 1233?
-30103
In base 6, what is -40441430 - -3424?
-40434002
In base 16, what is 1a032 + -2d?
1a005
In base 16, what is -82e - 21be?
-29ec
In base 8, what is 33 - 1576327?
-1576274
In base 2, what is 1010000100010 - -1100111000000110?
1110001000101000
In base 13, what is 105 - c23?
-b1b
In base 7, what is 3536610532 - 2?
3536610530
In base 16, what is 233f + -a90a?
-85cb
In base 3, what is 20002220122212 - 2?
20002220122210
In base 14, what is -15a731 - -da6?
-159769
In base 3, what is -202202110122 - 1200?
-202202112022
In base 5, what is -3404010431 - 0?
-3404010431
In base 14, what is -1009a5 - 50?
-100a15
In base 8, what is -364 - 2421112?
-2421476
In base 15, what is 371 - 12707?
-12386
In base 2, what is 101100010111111101111 + 110111?
101100011000000100110
In base 10, what is 0 - -13805056?
13805056
In base 9, what is -1 + 403112424?
403112423
In base 15, what is a - d0103?
-d00e8
In base 10, what is -1500 + -939?
-2439
In base 9, what is 175 + 8113520?
8113705
In base 2, what is 1001 + -101011110001001010110000?
-101011110001001010100111
In base 2, what is -1 - 100110010101101011?
-100110010101101100
In base 10, what is 75397 - 274?
75123
In base 9, what is -4755316 + 13?
-4755303
In base 14, what is 1c430 - -ad1?
1d121
In base 6, what is -3224550 - 2005?
-3230555
In base 7, what is 3110455 - -410?
3111165
In base 11, what is 21 + -15242?
-15221
In base 13, what is -10572 + 797?
-caa8
In base 2, what is 110111101110001101101011 + 101?
110111101110001101110000
In base 13, what is 38 - -a7a392?
a7a3ca
In base 9, what is -14124166 + 3?
-14124163
In base 5, what is -13200 - 3143?
-21343
In base 9, what is -4 + 2724088?
2724084
In base 4, what is -1011331102221 + 0?
-1011331102221
In base 6, what is 0 + -3254421244?
-3254421244
In base 16, what is 46 - 178cb?
-17885
In base 7, what is 32443611 - -102?
32444013
In base 9, what is -1 - 46833775?
-46833776
In base 3, what is 11020 - -220000210?
220012000
In base 5, what is -24140321 + 441?
-24134330
In base 6, what is 4 - 105132401?
-105132353
In base 14, what is 4b5 + -7602?
-712b
In base 13, what is b1a82 + 1?
b1a83
In base 3, what is -12020100 - -122001122?
102211022
In base 6, what is -31 + -5244341?
-5244412
In base 2, what is 100001101010101110000 - 10001000?
100001101010011101000
In base 8, what is -710523610 + -3?
-710523613
In base 4, what is -11 - 2002320013220?
-2002320013231
In base 6, what is 2151 - -354053?
400244
In base 4, what is -3000 + 112013331110?
112013322110
In base 15, what is 4 - -2e7de4?
2e7de8
In base 11, what is 19483627 - -4?
19483630
In base 2, what is 10000111111 - 11100101110101111?
-11100011101110000
In base 15, what is -21 + ad0778?
ad0757
In base 10, what is 28610863 + -4?
28610859
In base 8, what is -4 - -1024020?
1024014
In base 9, what is -42110 - -370?
-41630
In base 12, what is -5 + -11b8580?
-11b8585
In base 6, what is -4 - -155554041?
155554033
In base 5, what is 40223031443 - 2?
40223031441
In base 16, what is 57 + 1dd89?
1dde0
In base 7, what is 3 + -2344645?
-2344642
In base 15, what is -2 + -37b7b9?
-37b7bb
In base 8, what is -10 + 1223666?
1223656
In base 16, what is -9 - 5462a?
-54633
In base 2, what is 100 + -1011100001101100100100?
-1011100001101100100000
In base 16, what is 6006 - -c06?
6c0c
In base 14, what is 210081d - -4?
2100823
In base 16, what is -1 + -ddba6?
-ddba7
In base 5, what is 13210141 - -4?
13210200
In base 12, what is -9 + -35699b?
-3569a8
In base 10, what is 4 - -182982021?
182982025
In base 6, what is 144 - -3245430?
3250014
In base 14, what is 190a2 + 1174?
1a236
In base 12, what is 6 - -5875425?
587542b
In base 10, what is -127002 - -36?
-126966
In base 13, what is 341 - 263?
ab
In base 16, what is 1235d - 2?
1235b
In base 16, what is e - 18e0e9?
-18e0db
In base 3, what is -10210100021 + 111112000?
-10021211021
In base 14, what is -37bb4085 - -2?
-37bb4083
In base 7, what is 1215436302 - 3?
1215436266
In base 10, what is -4867553 + 5?
-4867548
In base 6, what is -1142255 - 5?
-1142304
In base 14, what is -a - 39b8dd?
-39b909
In base 9, what is 7 - 30503652?
-30503644
In base 12, what is -3 + 55694b?
556948
In base 15, what is 15 + -1ecb7?
-1eca2
In base 9, what is -2524 - -2440?
-74
In base 2, what is 1010001001011111010010011 - -11010?
1010001001011111010101101
In base 8, what is -24465 + 6410?
-16055
In base 8, what is -1534451 - -65?
-1534364
In base 11, what is 27a - -1448?
1717
In base 4, what is 330331 + -332021?
-1030
In base 16, what is 37 - c9c5f?
-c9c28
In base 4, what is 10 + -12320310223?
-12320310213
In base 2, what is 10101100011000010001001 + -10000?
10101100011000001111001
In base 12, what is -14532b9 + -158?
-1453455
In base 2, what is -1001011111100 + 101111110101000?
100110010101100
In base 4, what is 30322210110101 - 10?
30322210110031
In base 16, what is 17c52 - 161?
17af1
In base 5, what is -100234041331 - 3?
-100234041334
In base 8, what is -60476716 - 2?
-60476720
In base 11, what is -500a1 + 3a81?
-47120
In base 12, what is -3952 + 2b601?
2786b
In base 13, what is c038c267 - -5?
c038c26c
In base 14, what is 3b - -29198?
291d5
In base 16, what is 11 + 223f2b?
223f3c
In base 8, what is 50 + -54253?
-54203
In base 13, what is -25a10c + 215?
-259bc7
In base 2, what is -11110 + -100010011100111011100111?
-100010011100111100000101
In base 16, what is -53 + 55d15?
55cc2
In base 3, what is -2 - -122020012111100?
122020012111021
In base 8, what is 2765540 - -370?
2766130
In 